ghest common factor of y and x?
11
Let g(z) = -z**3 + 7*z**2 - 15*z + 18. Let u be g(6). Let d be -3 + 14/(-2 + 4) - u. Calculate the greatest common factor of d and 200.
40
Let y = 6487 + -6327. Calculate the highest common divisor of 220 and y.
20
Let n(j) = -j**3 - 7*j**2 - 263*j - 1834. Let q be n(-7). Let m = 77 + 147. What is the highest common factor of m and q?
7
Let q = 4236 - -977. Calculate the highest common divisor of 26 and q.
13
Suppose -2*x + 9 = 1. Suppose 3*g - 185 = -5*k, -x*g = -0*k + k - 54. Calculate the highest common divisor of k and 442.
34
Suppose -4*a - q = -7, -3*a + 15 = 2*a - 5*q. Suppose a*t - 1248 = -24*t. Calculate the highest common factor of t and 432.
48
Let l be (-23642)/(-4) + 0 + (7/(-14) - -1). Calculate the greatest common divisor of l and 161.
23
Suppose -o = -4*o - 3*l + 228, -4*o - 5*l + 308 = 0. Let v be (-21)/(-18)*-2*(-107 + 80). What is the greatest common factor of o and v?
9
Let l = -1483 - -1783. Calculate the greatest common factor of l and 1020.
60
Let j be ((-315)/36 + 9)*68*(-1 - -2). What is the highest common factor of j and 2176?
17
Suppose -4*y + 264 = -12. Let z(r) = 58*r + 1554. Let f be z(-26). Calculate the highest common factor of f and y.
23
Let p be ((-1)/2)/(10/(-160)). Suppose -p*k + 130 = 34. What is the greatest common factor of 156 and k?
12
Let n(o) = 10*o**2 - 5*o + 39. Let l be n(4). Calculate the highest common divisor of l and 4.
1
Let f(a) = a**2 + 101*a - 3448. Let y be f(27). What is the greatest common divisor of y and 8?
8
Let w(a) = 3*a + 77. Let i be w(-15). Suppose -4*u - 3*s + 16 = -i, -3*s = -4*u + 24. What is the greatest common divisor of 1 and u?
1
Let h be (-13)/39*(0 + -105). Suppose -9 - h = -2*v. Let c = 82 - -6. What is the greatest common factor of v and c?
22
Let x = -687 - -752. Calculate the highest common divisor of 15 and x.
5
Let l = 1015 + -976. Suppose 3*g - 16*a + 13*a - 786 = 0, 4*g - 2*a - 1044 = 0. What is the highest common divisor of g and l?
13
Let n(x) = 4*x**2 - 79*x + 333. Let z be n(16). What is the greatest common factor of z and 11129?
31
Suppose -287*m - 3648 = -288*m - 4*p, -3*m + p = -10944. Calculate the greatest common divisor of 684 and m.
228
Let l be 76908/3198 + (-6)/123. What is the highest common factor of 138 and l?
6
Let c(o) = -o**3 - 2*o**2 - 4*o + 1. Let n be c(-3). Suppose 6*r + 44 = 212. Suppose -5*m + r = -137. Calculate the highest common divisor of n and m.
11
Let z be ((-2)/30)/(24/(-3960)). Let d = -11 - -15. Suppose -3*m - 5*f = -71, d*m - 93 = -5*f - 0*f. Calculate the greatest common factor of m and z.
11
Let c = 2905 - -1123. What is the highest common divisor of c and 152?
76
Let p(m) = -m**3 - 37*m**2 + 138*m + 22. Let s be p(-41). What is the highest common divisor of s and 1728?
64
Suppose 10*z = 14*z - 5660. Suppose 3*k + 2*u = 3*u + z, 4*k - 4*u = 1884. Calculate the greatest common factor of k and 59.
59
Let r = 996 - 591. Let g = r - 401. Calculate the highest common factor of 60 and g.
4
Suppose 156*o = -61*o + 62*o + 65720. Calculate the highest common factor of o and 1537.
53
Suppose 0 = 2*b - i - 13, 22 = 5*b - i - 15. Let l be (b/6)/((-1)/(-18)). What is the greatest common divisor of 276 and l?
12
Let r be (2 + -6)/(-5*(-7)/(-4270)). Calculate the highest common divisor of 1647 and r.
61
Let k be 1 - (-995)/35 - (-1 + 30/21). Let c(u) = -84*u**3 - 2*u**2 - 3*u - 3. Let h be c(-2). What is the greatest common factor of h and k?
29
Let o = -1804 - -3342. Let w = o + -1010. Calculate the highest common divisor of 33 and w.
33
Suppose 260 = -5*p + 335. Suppose -36 = 2*o - 6*o. Calculate the greatest common divisor of o and p.
3
Let n be -7 - (3240792/(-570) + 3/5). Calculate the greatest common divisor of n and 34.
34
Let c = -2046 + 4314. What is the highest common factor of 42 and c?
42
Let o be (-4599)/(-36) + 16 + 2/8. What is the highest common divisor of 1920 and o?
48
Let v(x) = 8 - 53 + 13 + 6*x - 179. Let r be v(36). What is the highest common divisor of r and 20?
5
Suppose -b = -4*h + 5856, 5*b = -92*h + 93*h - 1502. What is the greatest common factor of h and 688?
86
Let n(u) = u + 22. Let d be n(-21). Suppose w - 5 = -d, -80 = -2*k - 4*w. What is the highest common factor of k and 48?
16
Suppose 3*y - 4*y + 5*o - 23 = 0, 0 = 4*y - 2*o + 128. Let t = 34 + y. Calculate the greatest common factor of t and 5.
1
Suppose -870*y + 905*y - 875 = 0. Suppose -x = -3*i + 377, 0 = -2*i + 4*i - 4*x - 258. Calculate the highest common divisor of i and y.
25
Let v(u) = 46*u - 31. Let k be (-4)/10*-25 + 1. Let s be v(k). Calculate the greatest common factor of 19 and s.
19
Let p(l) = -203*l + l**2 + 85 - 204*l + 426*l. Let b be p(-7). Calculate the highest common factor of 43 and b.
1
Suppose -10 = 4*s + 5*m - 1313, -s - 4*m = -312. Let y = 422 - s. Calculate the highest common divisor of 45 and y.
45
Let h be (3 + -3 + 1)/(4/40). Let n(f) = -3*f - 24. Let c be (-2)/(-4) - (-259)/(-14). Let k be n(c). Calculate the highest common divisor of k and h.
10
Let u = 924 - -1573. What is the highest common divisor of 1135 and u?
227
Suppose 5*g = 209 - 14. Suppose -53 = -2*k - g. Let o be (-14)/((-6)/(-9)*-3). What is the greatest common factor of o and k?
7
Suppose 4*p + s - 1409 = 0, -2*p - s = -313 - 392. Calculate the greatest common factor of p and 160.
32
Let y be (2/3)/((-40)/(-4800)). Suppose 368 = 4*w + y. Calculate the greatest common factor of w and 27.
9
Let y be (6/(-5))/(16/(-440)). Let i = 1472 + -1417. What is the greatest common divisor of y and i?
11
Let i be (-436)/(-12) - (-90)/54. What is the highest common factor of 475 and i?
19
Let a be ((-10)/4)/((-9)/738). Suppose 4*q + 240 = 2*k, 0 = -3*k + 5*k + 3*q - a. Calculate the highest common factor of k and 30.
10
Let z be (1127840/57)/70*16*6. Calculate the highest common factor of 53 and z.
53
Let x be 948/22 - 3108/2849. What is the highest common divisor of x and 834?
6
Suppose 2*s = 7 + 1, 2*z - 2*s - 490 = 0. Suppose 3*g = 3*b - 342, -2*b + 4*b + 5*g - z = 0. Calculate the highest common factor of b and 36.
9
Suppose 4*o - 10 = v - 37, -4*v - 6 = 3*o. Let w = 82 + o. Suppose 148 = 8*s - w. What is the highest common factor of 8 and s?
4
Suppose -2*c - 2 = -2*f, 0 = 3*c - 2*c. Calculate the greatest common divisor of f and 193.
1
Suppose 7*h - 53 = 31. Let q = h - -288. What is the greatest common divisor of 80 and q?
20
Let t be 3 + 187 - (5 + -1 + 0). What is the greatest common factor of 282 and t?
6
Let y = 5528 - 3722. Calculate the greatest common factor of 84 and y.
42
Let n(y) = -2*y - 61 - 41 + 86 + 16*y**2 + y. Let l be n(3). What is the greatest common divisor of l and 50?
25
Let x be ((-88)/20 + 4)/(12/(-150)). Let r be 4677/15 + 1 + (-4)/x. What is the greatest common factor of 39 and r?
39
Suppose -3*x = 3*p - 8358, -2794 = -p - 34*x + 31*x. What is the greatest common factor of p and 52?
26
Suppose 8*b + 2 - 18 = 0. Suppose -200 = b*r - 746. What is the highest common factor of r and 21?
21
Let d be (624 + 0)/(192/256). Suppose d = 15*i - 998. Calculate the greatest common divisor of 183 and i.
61
Let d be 82/12 + (-3)/(-18). Suppose -6 = -d*o + 246. What is the highest common factor of o and 306?
18
Let b(l) = l**3 + 6*l**2 + 6*l + 6. Let u be b(-7). Let v = -45 - u. Suppose -5*o = -o - v. Calculate the highest common divisor of 4 and o.
2
Suppose 0 = -3*z - g + 77, 5*z - 3*g - 95 = 2*g. Let y(o) = -o**3 - 13*o**2 + 2*o + 34. Let j be y(-13). Calculate the highest common factor of z and j.
8
Let h = 323 + -316. Suppose 5*g = 2*g - 2*n + 1533, 0 = -2*n. What is the highest common factor of h and g?
7
Let q = -66 - -70. Let z be 9 - 7 - (-7 + q + -5). Calculate the greatest common factor of 45 and z.
5
Let z be (-11)/(44/16) + 15. Let a = -373 + 417. Calculate the highest common divisor of a and z.
11
Suppose 68*q - 3094 = 42*q. Calculate the highest common factor of q and 12733.
119
Suppose -755*d + 750*d + 300 = 0. Calculate the greatest common divisor of d and 30.
30
Let q(h) = 2*h**3 - 106*h**2 + 110*h - 170. Let z be q(52). What is the greatest common factor of z and 27974?
142
Let n be 326 + ((-48)/(-4) - 7). Suppose -5*d + n + 525 = -2*l, 2*l - 864 = -5*d. Calculate the highest common divisor of 129 and d